a composite number?
False
Is 1999549 composite?
False
Is 20261 a prime number?
True
Is 1733 prime?
True
Is 1151 composite?
False
Is 159947 a prime number?
False
Is 65749 a composite number?
True
Is 220859 a prime number?
True
Is 419402 a prime number?
False
Is 1088687 composite?
False
Is 2759 a prime number?
False
Is 253633 prime?
True
Is 1823 a composite number?
False
Is 80141 a composite number?
False
Is 67103 prime?
True
Is 7067 a composite number?
True
Is 11771 prime?
False
Is 56617 prime?
False
Is 322319 prime?
True
Is 558043 prime?
False
Is 5383 composite?
True
Is 1189 composite?
True
Is 11474 prime?
False
Is 1009 prime?
True
Is 30293 a composite number?
False
Is 3593 composite?
False
Is 82191 a prime number?
False
Is 942455 composite?
True
Is 165961 composite?
False
Is 153487 composite?
False
Is 479 a composite number?
False
Is 1376581 composite?
True
Is 65743 a prime number?
False
Is 376231 a prime number?
True
Is 41579 a prime number?
True
Is 226307 composite?
False
Is 3163 prime?
True
Is 26231 a composite number?
True
Is 256777 prime?
False
Is 53503 prime?
True
Is 150269 prime?
False
Is 10783 prime?
False
Is 74581 a prime number?
False
Is 78643 prime?
True
Is 177 composite?
True
Is 20337 a composite number?
True
Is 136259 composite?
True
Is 103549 a prime number?
True
Is 11801 prime?
True
Is 40459 a prime number?
True
Is 52463 a prime number?
False
Is 444991 prime?
False
Is 259951 prime?
False
Is 113417 composite?
False
Is 33637 a composite number?
False
Is 14173 composite?
False
Is 55439 a prime number?
True
Is 76579 a composite number?
False
Is 406001 a composite number?
True
Is 159977 composite?
False
Is 146351 prime?
False
Is 833491 a prime number?
True
Is 512797 prime?
True
Is 43219 a prime number?
False
Is 764111 a prime number?
True
Is 21139 prime?
True
Is 340334 composite?
True
Is 83051 prime?
False
Is 10977 a composite number?
True
Is 1761 a prime number?
False
Is 175949 a composite number?
False
Is 238867 a composite number?
True
Is 230369 a composite number?
False
Is 3989 composite?
False
Is 47051 composite?
False
Is 171427 a prime number?
True
Is 543003 a composite number?
True
Is 30145 a prime number?
False
Is 149 a prime number?
True
Is 676517 composite?
True
Is 1487429 composite?
False
Is 929251 a prime number?
True
Is 25481 a composite number?
True
Is 585113 a composite number?
False
Is 1949 a composite number?
False
Is 3833033 prime?
True
Is 6107 composite?
True
Is 6683 a composite number?
True
Is 23801 prime?
True
Is 215347 a composite number?
True
Is 220469 a prime number?
True
Is 280219 a composite number?
False
Is 255443 a composite number?
False
Is 158551 a composite number?
False
Is 9917 a composite number?
True
Is 12797 prime?
False
Is 4861 prime?
True
Is 37799 a prime number?
True
Is 769 a composite number?
False
Is 29123 a prime number?
True
Is 17519 a composite number?
False
Is 757 a composite number?
False
Is 137339 composite?
False
Is 21559 composite?
False
Is 846833 a composite number?
True
Is 89423 composite?
True
Is 81817 a composite number?
False
Is 695171 a composite number?
False
Is 423581 a composite number?
False
Is 156041 composite?
False
Is 50419 a prime number?
False
Is 1084495 prime?
False
Is 16871 a prime number?
True
Is 1693 composite?
False
Is 11981 composite?
False
Is 4238393 prime?
True
Is 277829 composite?
False
Is 307 a prime number?
True
Is 1591 a prime number?
False
Is 14426 composite?
True
Is 144103 a composite number?
False
Is 27539 a prime number?
True
Is 73351 prime?
True
Is 879637 composite?
True
Is 35067 prime?
False
Is 9439 a composite number?
False
Is 1033751 a composite number?
False
Is 19799 prime?
False
Is 311365 prime?
False
Is 49493 prime?
False
Is 109801 a composite number?
True
Is 18839 a composite number?
False
Is 6127 prime?
False
Is 228707 a prime number?
True
Is 1679 a composite number?
True
Is 4037302 prime?
False
Is 739331 composite?
False
Is 4341 a composite number?
True
Is 121843 composite?
False
Is 29501 a composite number?
False
Is 26081 composite?
True
Is 100447 composite?
False
Is 2237 prime?
True
Is 12889 composite?
False
Is 279269 composite?
False
Is 122 prime?
False
Is 1132223 a prime number?
True
Is 325135 prime?
False
Is 12883 prime?
False
Is 22229 a prime number?
True
Is 29899 a composite number?
True
Is 4197 prime?
False
Is 112199 a composite number?
False
Is 42353 a composite number?
True
Is 13087 a prime number?
False
Is 12929 prime?
False
Is 4327 prime?
True
Is 413 a prime number?
False
Is 115813 composite?
True
Is 7717 a composite number?
False
Is 39281 a prime number?
False
Is 25981 a prime number?
True
Is 116931 a prime number?
False
Is 3557681 a prime number?
True
Is 1973 prime?
True
Is 8637 composite?
True
Is 2409491 composite?
True
Is 14503 prime?
True
Is 168391 prime?
True
Is 441053 a composite number?
False
Is 218251 composite?
True
Is 149 prime?
True
Is 240085 prime?
False
Is 5033 a prime number?
False
Is 14351 composite?
True
Is 37781 a prime number?
True
Is 1637 composite?
False
Is 36319 prime?
True
Is 156007 prime?
True
Is 870953 composite?
False
Is 57457 composite?
False
Is 5731 a composite number?
True
Is 320713 a composite number?
False
Is 121843 composite?
False
Is 12301 a prime number?
True
Is 27043 composite?
False
Is 8509 a prime number?
False
Is 813893 prime?
True
Is 56087 composite?
False
Is 905897 a composite number?
False
Is 65713 a prime number?
True
Is 21241 prime?
False
Is 913 composite?
True
Is 350015 prime?
False
Is 90409 a prime number?
False
Is 1613809 composite?
False
Is 413 a prime number?
False
Is 582391 a composite number?
False
Is 10456019 a composite number?
True
Is 77879 prime?
False
Is 6739 a composite number?
True
Is 47371 prime?
False
Is 22426 composite?
True
Is 2411 a prime number?
True
Is 386473 composite?
True
Is 815 a composite number?
True
Is 14821 prime?
True
Is 1087 composite?
False
Is 8311 a prime number?
True
Is 35 a composite number?
True
Is 33911 composite?
False
Is 3805 composite?
True
Is 5323 a prime number?
True
Is 91283 prime?
True
Is 2579 a prime number?
True
Is 19219 a composite number?
False
Is 2579 a prime number?
True
Is 794513 a prime number?
False
Is 887 a prime number?
True
Is 2203 composite?
False
Is 536353 prime?
True
Is 1847 a prime number?
True
Is 84629 prime?
True
Is 103297 a composite number?
True
Is 39853 prime?
False
Is 103 a prime number?
True
Is 149027 prime?
True
Is 262019 a prime number?
False
Is 220747 a composite number?
False
Is 7655 a prime number?
False
Is 40423 a prime number?
True
Is 89891 prime?
True
Is 40151 a composite number?
False
Is 455501 a prime number?
False
Is 10331 composite?
False
Is 7349 composite?
False
Is 9983 a composite number?
True
Is 1067 a composite number?
True
Is 1777 prime?
True
Is 12451 prime?
True
Is 14185 composite?
True
Is 74845 prime?
False
Is 221297 a prime number?
False
Is 22961 a composite number?
False
Is 13069 composite?
True
Is 10739 prime?
True
Is 26587 prime?
False
Is 3433 prime?
True
Is 697673 prime?
True
Is 548749 a prime number?
True
Is 82933 prime?
False
Is 9091 prime?
True
Is 7433 a composite number?
False
Is 10897 prime?
False
Is 738877 a composite number?
False
Is 4109 a prime number?
False
Is 806857 composite?
False
Is 208573 composite?
True
Is 144787 a composite number?
True
Is 1204607 prime?
True
Is 370373 a prime number?
True
Is 1116371 prime?
True
Is 1122109 a prime number?
False
Is 1898857 prime?
False
Is 1186799 a prime number?
False
Is 11549 a prime number?
True
Is 156911 composite?
True
Is 168391 a composite number?
False
Is 1393559 a prime number?
True
Is 110417 composite?
True
Is 141863 composite?
False
Is 1255 a composite number?
True
Is 102293 prime?
True
Is 5645 composite?
True
Is 85991 composite?
False
Is 111211 a composite number?
False
Is 445733 prime?
False
Is 13641 a prime number?
False
Is 51715 prime?
False
Is 52357 prime?
False
Is 48999 prime?
False
Is 5287 a prime number?
False
Is 3217 composite?
False
Is 2819 prime?
True
Is 525803 a prime number?
False
Is 416957 composite?
False
Is 7789 a prime number?
True
Is 20063 a prime number?
True
Is 316682 prime?
False
Is 13553 a composite number?
False
Is 1399 composite?
False
Is 8665 prime?
False
Is 1752961 a composite number?
True
Is 20053 a composite num